 + 5. Let a = 3 + -3. Suppose a*f = -f + 5. Determine u(f).
0
Suppose 10 = 3*k - 11. Let j = 10 - k. Let h(f) = 4*f - 3 + 0 - 6*f. Calculate h(j).
-9
Let a = 6 - 2. Let b(i) = 2*i + 1. Let x(r) = -2*r - 2. Let p(n) = a*b(n) + 5*x(n). Suppose -3*d - 20 + 2 = 0. What is p(d)?
6
Suppose -10*m - 12 = -8*m. Let n(u) = u**3 + 6*u**2 - 2*u - 2. Give n(m).
10
Let i(m) = -2*m**2 + 3. Let l(t) = 4*t**2 + 13*t - 17. Let v(k) = -3*i(k) - l(k). What is v(9)?
53
Let q(r) be the third derivative of 3*r**7/280 - r**6/360 - r**5/120 - r**4/24 + r**3/6 + 16*r**2. Let w(o) be the first derivative of q(o). Determine w(-1).
-10
Suppose 53*h - 61*h = -32. Let u(k) = -k + 1. Let o(v) = 3*v - 2. Let g(w) = o(w) + 2*u(w). Give g(h).
4
Suppose -3*h = -4*h - 4*m + 15, -5*h - 4*m = -11. Let w(n) be the third derivative of -1/6*n**3 + 0*n + 2*n**2 - 5/12*n**4 + 0. Give w(h).
9
Let g(a) = 5*a + 4. Let m be g(3). Let r(s) = -2*s**2 + 10*s + 4. Let t be r(5). Let z(p) = t*p + m - p - 17. Give z(3).
11
Let w(n) = -n**2 + 8*n + 5. Let m(j) = j**3 + 4*j**2 + 6*j + 6. Let z be m(-3). Let p(s) = -s**2 - 6*s - 1. Let r be p(z). What is w(r)?
5
Let v be 66/(-30)*(-1 + -9). Let c(y) = 4*y**2 - 2*y**2 + v*y + 25*y - 1 - 49*y. Give c(-2).
11
Let a(s) = -s**3 + 14*s**2 - 12*s - 16. Let k(u) = -13*u**3 - u**2 - u. Let m be k(-1). What is a(m)?
-3
Let f(s) be the second derivative of s**3/6 + 3*s**2 - 4*s. Let k be ((-12)/(-24))/((-3)/60). Calculate f(k).
-4
Let k(p) = -p**3 - 6*p - 2. Let r be k(0). Let a(v) be the first derivative of -v**3 - 3*v**2/2 - v - 2. Calculate a(r).
-7
Let n be (-27)/(-6) - 3/2. Let h be (-2 + n)/((-1)/7). Let u(d) = d - 5. Give u(h).
-12
Let h = -241 - -238. Let c(g) = -2*g + 1. Determine c(h).
7
Let f be (-7 - (0 + 1)) + (-102)/34. Let d(a) = -a**3 - 11*a**2 - a - 16. Determine d(f).
-5
Let q be 3*2/(-4)*16/3. Let z(m) = -m**3 - 8*m**2 - m + 8. Determine z(q).
16
Let p be (644/(-18) - 2) + 4/(-18). Let s = p - -39. Let a(t) = -2*t + 2*t + t. Calculate a(s).
1
Let a be (-5)/10*4*-2. Let j(u) = u**2 + 9*u - 6. Let w(d) = 2*d**2 + 10*d - 7. Let c(o) = -4*j(o) + 3*w(o). Give c(a).
11
Let l(g) = -8*g - 44. Let y(a) = -3*a - 16. Let m(r) = -4*l(r) + 11*y(r). Determine m(-1).
1
Suppose 2*v - 6*v = 0. Let f(h) be the third derivative of h**6/120 + h**5/60 + 7*h**3/6 + 5*h**2. Determine f(v).
7
Let f(d) = -d**2 + 4*d + 2. Let g be -10 - (4 + -1)*-1. Let t = g - -9. Suppose -2*s + s = 5*k - 24, -t*s = -8. Give f(k).
2
Suppose -1 = 4*f - 5. Let d be (f + (-4)/8)*0. Let b(w) = 0*w**3 - 4*w**2 + d*w**3 - 3*w**2 - w**3 - 5*w. Determine b(-6).
-6
Let c(b) = 11 - 20 + 10 + 10*b + 11*b. Calculate c(-1).
-20
Let r be 18/5 - (-48)/120. Suppose j + r = 3*j. Let i(n) = -6*n + 2. Give i(j).
-10
Let c be 7 + 0 - (3 - 1). Suppose -c*w - 16 = 2*a, -a = -3*w - 4 + 1. Let d(o) = 2*o**2. Calculate d(w).
8
Let z(o) be the second derivative of o**4/12 - 23*o**3/6 - 7*o**2/2 - 4*o - 20. Calculate z(23).
-7
Let u be 4/3*(-9 - -12). Let n(l) = 6 - u*l + 0*l + 14*l - 9*l. Give n(-3).
3
Suppose 3*r + 5*h = 20, 2*r = -2*r + 4*h + 16. Let f(b) = b**2 - 4*b - 2. Let y be f(r). Let d(n) = n**3 - 2*n**2 - 3. Give d(y).
6
Let t = 1 - -1. Suppose 2*r - 6*r - 20 = 2*k, -k + t*r + 6 = 0. Let q(y) = -3*y**2 - y**3 + 0*y**2 - 2 - 1918*y + 2*y**2 - 3*y**2 + 1915*y. Determine q(k).
-4
Suppose 39 = 4*u - u. Let x = u - 9. Let z(b) = b**3 - 3*b**2 - 2*b + 2. What is z(x)?
10
Suppose -4*s + 8*s = -24. Let n be (4 - 8) + s/(-1). Let y(z) = 0*z + 1 - 5*z - 4*z + n*z. Give y(1).
-6
Let m(j) = -1 - 2 - 7 + 7*j + j**2 - 3. Let s be m(-9). Suppose -s*c = 1 - 6. Let l(q) = q**2 + q. Calculate l(c).
2
Suppose 472 - 31 = 49*b. Let u(q) = -5*q - 4. Determine u(b).
-49
Let d(u) be the first derivative of 3*u**2 - u + 3. Let j(i) = -5*i. Let v(a) = 4*d(a) + 5*j(a). Let x(s) = s**2 - 16*s - 5. Let o be x(16). Determine v(o).
1
Let j be 1*1*(7 + -2). Let l(c) = 4*c**2 + c - 11 + 7 + j + c**3 + c. What is l(-3)?
4
Let v(h) = 2*h + h - 6*h**2 + 8 - 14 + 5. Give v(1).
-4
Suppose 3*o - 5*o + 2 = 0. Suppose -o = 4*t + l, -4*t - 3 + 7 = -4*l. Let c = t - 4. Let w(s) = s**3 + 3*s**2 - 6*s - 6. Calculate w(c).
2
Suppose -11*n = 334 - 290. Let b(i) = 2*i - 9. Determine b(n).
-17
Let v(k) be the second derivative of -k**4/12 - 13*k**3/6 - 4*k**2 + 13*k - 8. What is v(-12)?
4
Let a be 2/4*(0 + 12). Let k be (a/(-4))/(15/(-200)). Suppose -6*v = -v + k. Let i(x) = x**2 + 2*x + 5. Determine i(v).
13
Let h(w) = w**3 + 3*w - 4 - 5*w + 4 + 6*w**2 - 2 + 3*w. What is h(-4)?
26
Let o(y) = -54*y - 16. Let x(b) = 25*b + 8. Let p(h) = -6*o(h) - 13*x(h). What is p(9)?
-17
Let z = 820 + -833. Let n(c) = -c**3 - 12*c**2 + 12*c - 2. Calculate n(z).
11
Let l be (-112)/(-80) - (-12)/20. Let i(o) be the first derivative of o - 8 - 5/3*o**3 - 1/2*o**l. What is i(1)?
-5
Suppose -2*o - 18 = o. Let x = -12 - o. Let y(d) be the first derivative of -d**3/3 - 7*d**2/2 - 6*d - 1. What is y(x)?
0
Let u(c) = 8*c. Suppose 0 = 5*x - 2 + 22, -5*i - 2*x - 3 = 0. Give u(i).
8
Let v(m) = -m**2 + 4*m - 5. Let k be 4 - ((-3 - -5) + -2). Suppose 5 = k*c - 3*c. Suppose -2*a = -c*a + 12. Calculate v(a).
-5
Let u(n) = 14 + 10 - 35 + n**3 + 15 - 5*n**2 + 0 - 6*n. Let j = 19 - 13. What is u(j)?
4
Let b(k) = k**2 + 15*k + 13. Let y = 308 + -320. Determine b(y).
-23
Suppose -2*q = 5 - 1. Let d(x) be the first derivative of x - 30 + 4/3*x**3 - 1/2*x**2. Determine d(q).
19
Suppose 5*l + 2*b = -72 - 26, -3*l + 4*b = 38. Let s be 6/9*l/(-4). Let u be (-15)/(-9) - s/(-9). Let w(o) = -o**2 + 2*o - 1. Determine w(u).
-1
Let t(l) be the first derivative of -l**2/2 + 2*l - 1. Let p be 216/(-30) - (-2 + (-18)/(-10)). What is t(p)?
9
Let k(i) = i**2 - 12*i - 14. Let j = -937 + 949. Calculate k(j).
-14
Suppose 2*d - 5*d = 2*b + 99, -47 = b + 2*d. Let m = b + 62. Let h(q) = -q**2 - 1. What is h(m)?
-26
Suppose n - l = l + 11, 5*l = 4*n - 35. Let f(b) = -b**3 + 6*b**2 - 4*b - 12. Determine f(n).
-7
Let a(c) = -c + 9. Let b be -4*5/10 + -6. What is a(b)?
17
Suppose 3*n + 24 = n. Let d = 10 + n. Let i(p) = -4*p - 1. Determine i(d).
7
Let a(l) = -l - 5. Let v = -32 + 42. Suppose 2*f = 4*i + v + 12, -2*f = 3*i - 1. Calculate a(f).
-10
Let p(g) = 4*g - 14. Let n be p(6). Let m(k) = k - 8. Let q be m(n). Let h(b) = 0*b**3 - 4 + q - b**3 - 6*b**2 - 1. What is h(-6)?
-3
Let n be (-62)/4*(0 - 2). Let y(f) = -f + 7*f**2 - 24 - f**3 + 0*f + n. Give y(7).
0
Let c(w) be the first derivative of 3*w**2/2 + 3*w + 1002. Give c(8).
27
Suppose -5*p + 4 = -3*i, 2*i + 6 = -p + 6*p. Let d(s) = -3*s**2 - 3*s + 3. Give d(p).
-15
Let n be 3 + -3 + 8 + -6. Let g(l) be the second derivative of 8*l + 1/6*l**3 + 0 + n*l**2. Give g(-3).
1
Let r(i) = -i**3 - 6*i**2 + 2*i + 17. Let w be r(-5). Let c be (3/9)/(6/w). Let x(j) = 5*j**3 + 2*j + 1. Calculate x(c).
-6
Suppose 117 - 32 = -d. Let f = 79 + d. Let p(u) = u**2 + 7*u + 7. Give p(f).
1
Let n(d) = -5*d**3 - 185*d**2 + 66*d + 89. Let j(i) = 2*i**3 + 63*i**2 - 22*i - 30. Let l(y) = 11*j(y) + 4*n(y). Give l(23).
3
Let b(r) = 17*r - 2. Let k(o) = 8*o - 1. Suppose 2*v - 3*v - 2 = 0. Let i(c) = v*b(c) + 5*k(c). What is i(1)?
5
Let r(f) = 11*f**2 - 9*f - 4. Let y(b) = -13*b**2 + 10*b + 5. Let h(n) = 7*r(n) + 6*y(n). Give h(-2).
4
Let y(n) be the third derivative of -n**5/60 - 7*n**4/12 - n**3/6 - 261*n**2. What is y(-13)?
12
Let y(j) = -j**3 - 9*j**2 + 4*j + 9. Let s(i) = -i**3 - i. Let h(v) = 2*s(v) - y(v). Let d be h(8). Let g(k) = k**2 - 5*k - 9. Give g(d).
5
Let b(d) = -d**2 - 3. Let a(c) = c. Let h(l) = 4*a(l) + b(l). Suppose -2*y - 6 = 0, -5*q - 2 = y + 6. Let n be 1 - 0 - (-2 - q). Calculate h(n).
1
Let j(x) = x**2 - x - 1. Suppose 0 = -2*s + 5*p + 4, s + 3*p - 4 = 3*s. Let t be (-36)/27*18/s. Determine j(t).
5
Let a(y) = -113*y - 1 - 11 - 4*y**2 + 90*y. What is a(-5)?
3
Let b(l) = -l - 2. Let d(u) = u**3 + 3*u**2 - 2. Let q be d(-2). Let x be q - 6 - 8/4. Give b(x).
4
Let h be (3/6*0)/(-1). Let n(j) = 2 + h + 7 - 5 + j. Suppose 0*k - 8 = -2*k. What is n(k)?
8
Let x(l) be the first derivative of l**3/3 + 4*l**2 - 2*l + 35. Give x(-9).
7
Suppose -p + 5*g = -5*p - 47, -5*p - 4*g - 70 = 0. Let t be (-1*4/(-6))/((-2)/p). Let x(w) = w**3 - 7*w**2 + 8*w - 9. Give x(t).
3
Suppose 0 = -8*y - 3*y + 528. Suppose 0*a + a + 60 = -5*d, 2*a = -4*d - y. Let u(j) = j**2 + 11*j - 